/3*-1*806/31.
2, 13
Let x = -5 - -9. Suppose 0 = -x*j + 2*j + 100. List the prime factors of j.
2, 5
List the prime factors of 107 - 1/(5/30).
101
Suppose -3*a - 27 = -0. What are the prime factors of -28*39/a*(-3)/(-4)?
7, 13
Let n = 85 + 326. List the prime factors of n.
3, 137
Let s = -21 - -25. Suppose -48 = 2*l + s*p, 3*l + 120 = -2*l + p. Let b = 74 + l. What are the prime factors of b?
2, 5
Suppose 4*t + 5*b + 115 = 0, 38 + 72 = -5*t + 5*b. Let y = t - -35. Let s = y - -6. What are the prime factors of s?
2
Suppose 0 = -9*g + 8*g + 4, 0 = 4*k + g - 288. What are the prime factors of k?
71
Let c be (26 + 0)/2 - 1. Suppose -4*a + 7*a = c. Suppose -a*z = -9*z + 210. List the prime factors of z.
2, 3, 7
Suppose 4*w - 46 = 122. Suppose 3*j = -0*j + w. What are the prime factors of j?
2, 7
Suppose 4 = 3*i - 5. Let t be (0 + i)/((-6)/(-8)). Suppose 2*h = -2*h - t*q + 100, 2*h - 5*q - 36 = 0. List the prime factors of h.
23
Let j be 6*(0 + -3)/3. Let m be (-45)/(j/(-2)) + -3. Let r = -14 - m. What are the prime factors of r?
2
Let q(d) = 110*d**2 - 2*d - 1. Let o be q(-1). Let z = o - 77. Suppose 3*y + 112 = 4*c, -c - 13 = y - z. What are the prime factors of c?
5
Let x(m) be the second derivative of -m**3/2 + 31*m**2/2 - 7*m. Suppose 2*q - 4*q = 2*q. What are the prime factors of x(q)?
31
Suppose -5*y = d - 10*y - 1681, 2*d - 5*y = 3337. What are the prime factors of d?
2, 3, 23
Let p = 210 - 205. Let f(t) = 3*t**3 + 10*t**2 - 6*t + 8. Let u(l) = 2*l**3 + 9*l**2 - 5*l + 7. Let h(m) = -3*f(m) + 4*u(m). List the prime factors of h(p).
19
Suppose -15 = -9*k + 3. Suppose k*c = 2, 2*c - 49 = -j + 58. List the prime factors of j.
3, 5, 7
Let v(m) = m**3 + 3*m**2 - 4*m + 3. Let c be v(-4). Let q(o) = -14*o + 3. Let z(l) = 13*l - 2. Let h(g) = 5*q(g) + 6*z(g). What are the prime factors of h(c)?
3
Let k(z) = -z. Let r(u) = u**2 + 24. Let v(m) = 4*k(m) + r(m). What are the prime factors of v(10)?
2, 3, 7
List the prime factors of 72618/252 - 1/6.
2, 3
Let u(k) = 28*k + 2. Suppose -4*l = 5 + 3, 0 = -4*d - 2*l. List the prime factors of u(d).
2, 3, 5
Suppose 0 = 12*g - 6798 - 5754. What are the prime factors of g?
2, 523
Let b(u) be the second derivative of -14*u**3/3 - 3*u**2/2 - 21*u. What are the prime factors of b(-3)?
3
Suppose 4*r + 24 = -24. Let z = 16 + r. What are the prime factors of z?
2
Let a = -10 - -24. Let i = -6 + a. What are the prime factors of i?
2
Let p = 19 + -21. Let y = -11 - 13. List the prime factors of (-234)/y - p/8.
2, 5
Suppose 14*p - 15*p + 474 = c, 2*p = 5*c - 2377. What are the prime factors of c?
5, 19
Let x = -182 + 287. List the prime factors of x.
3, 5, 7
List the prime factors of ((-24)/(-14) - 2) + (-193192)/(-266).
2, 3, 11
Suppose -1164 - 3068 = -8*m. What are the prime factors of m?
23
Suppose -152*u = -147*u + 6715. What are the prime factors of u/(-11) + 2/(-22)?
2, 61
Let f(b) = b - 11. Let h(i) = i + 1. Let s(p) = -f(p) + 2*h(p). List the prime factors of s(9).
2, 11
Suppose -1887 = -5*w - 3*x - 0*x, x + 1496 = 4*w. What are the prime factors of w?
3, 5
Let j be 22/6 - (-1)/3. Suppose -w - j*w - 4*x = -65, -20 = -4*x. List the prime factors of w.
3
Let z(x) = 351*x - 87. Let p(r) = -70*r + 17. Let i(u) = 11*p(u) + 2*z(u). List the prime factors of i(-5).
353
Let u(v) = v**2 - 4*v**2 + 5*v**2 + 7*v**2 + 12 + v. List the prime factors of u(-4).
2, 19
Let l = -188 + 571. List the prime factors of l.
383
Let y = -29 - -1115. What are the prime factors of y?
2, 3, 181
Suppose 328 = 5*g + 1128. Let t = -62 - g. Suppose 5*k + 3 = t. What are the prime factors of k?
19
Suppose -2*r - 106 + 18 = 0. Let b = r - -20. Let l = b + 44. What are the prime factors of l?
2, 5
Suppose 5*z = 5*u - 7245, -191 + 1643 = u - 4*z. List the prime factors of u.
2, 181
Suppose -96 = -u - 66. What are the prime factors of 5*(-12)/u - (-143 + 1)?
2, 5, 7
Let s(m) = m**3 - 11*m**2 + 26*m - 2. Let q be s(8). Suppose q*c - 243 = 121. What are the prime factors of c?
2, 13
Suppose -1 = 4*m + 2*v - 3, -5*v + 5 = -4*m. Suppose -75 = -3*a + 3*n, 4*n = -m*n - 20. List the prime factors of a.
2, 5
Suppose -3*v - 2*s = -675, 2*v - 886 = -2*v + 2*s. What are the prime factors of v?
223
Let i = -185 - -1589. What are the prime factors of i?
2, 3, 13
Let w = -50 - -44. What are the prime factors of w/9 - (-131)/3?
43
Suppose -2*l = 4*v - 6, -2*v = -0*v - l - 13. Suppose 0*t + s = t - 15, 20 = -v*s. List the prime factors of t.
2, 5
Let i = -2259 - -3893. List the prime factors of i.
2, 19, 43
Let u = 11962 + -8228. List the prime factors of u.
2, 1867
Suppose -1709 = -5*g + 3*q, -455 - 925 = -4*g - 4*q. What are the prime factors of g?
7
Suppose 2*o - 3811 + 980 = -5*h, 5*o = 5*h - 2845. List the prime factors of h.
3, 7
Let j = 2058 + -1465. List the prime factors of j.
593
Let r(n) be the third derivative of n**4/8 + 4*n**3 - 12*n**2. What are the prime factors of r(-6)?
2, 3
Suppose -5*c + 3247 = h - 5433, -h = 5. List the prime factors of c.
3, 193
Let h be 3/2*4 + -4. Suppose h*r + 3*r - 215 = 0. Suppose -2*l + r = -5. What are the prime factors of l?
2, 3
Suppose 6 - 2 = -c. Let z(s) = s**3 + 6*s**2 - 4*s - 1. What are the prime factors of z(c)?
47
Let j(o) = -116*o + 48*o**3 + o**2 + 114*o + 229*o**3 + 1. What are the prime factors of j(1)?
277
Let d(i) = i**2 - 3*i - 13. Suppose 1 = x + 2, 10 = 2*y + 2*x. Let w be d(y). Suppose -5*a + 44 = 4*j, 35 = w*a - 2*j - 33. List the prime factors of a.
2, 3
Let t(o) = -6*o**2 - 3*o**3 + 2*o**3 - 23*o + 21*o. Let n(f) = -2*f**3 - 13*f**2 - 3*f. Let q(k) = -2*n(k) + 5*t(k). List the prime factors of q(-5).
3, 5
Suppose 4*u - 4*a = 4, 5*u = 6*a - 2*a + 8. Suppose u*f - 71 = 41. List the prime factors of f.
2, 7
Suppose -5*f - 8 = 2, -4*f = -4*p - 48. Let q be p/21 - (-43)/(-3). List the prime factors of 6*(q/(-6) + 2).
3
Let s(z) = -35*z - 2. Let r be s(-2). Suppose j + r = -3*j. Let q = -13 - j. What are the prime factors of q?
2
Let v = 3779 + -2597. What are the prime factors of v?
2, 3, 197
Suppose 5*b = 3*n - 11118, 5*n - 19817 = -4*b - 1324. List the prime factors of n.
3701
Suppose -16*h + 13*h = -429. Suppose -7*l = 38 - h. List the prime factors of l.
3, 5
Suppose 9*o = 5*g + 11*o - 12294, -2*o = -5*g + 12306. What are the prime factors of g?
2, 3, 5, 41
Let s = 979 + -244. What are the prime factors of s?
3, 5, 7
Suppose -11 - 4 = -5*x. Suppose -w = -x, -4*w - 822 = -3*c - 9*w. List the prime factors of c.
269
Let i(l) = -63*l**3 - 3369*l**2 + 3369*l**2 - 1 - l. Let y = 1 + -2. What are the prime factors of i(y)?
3, 7
Suppose 2 = 2*x - 2*u - 0, 5*x + u = 29. Suppose -3*f + 4*d - x*d = -9, 3*d = 0. Suppose -w + f*w - 38 = -2*s, -5*w - 4*s = -100. List the prime factors of w.
2, 3
Let s be -2 + (24/2)/3. List the prime factors of (-228)/s*4/(-8).
3, 19
Let c(w) = 2*w**2 - 9*w - 104. List the prime factors of c(-17).
3, 11, 19
Suppose -3*z + 5*j + 1617 = 2*j, 4*z = -2*j + 2150. What are the prime factors of z?
2, 269
List the prime factors of 2/16 + (-138555)/(-40).
2, 433
Suppose -10 = -2*y - 2*b, 4*y = -0*y - 3*b + 17. Suppose 4*s + 4*z - 156 = -0*z, y*s - 3*z = 53. What are the prime factors of s?
2, 17
Let m(s) = s**2 + s + 1. Let t be m(4). Suppose 2*q + t = 361. List the prime factors of q.
2, 5, 17
Suppose -5*r = 2*w + 3 - 84, 0 = 4*w + 5*r - 177. What are the prime factors of w?
2, 3
Let i be 71/(3 + (-8)/3). Suppose -5*h = 3*x - i, -5*x + 5*h = -3*x - 167. What are the prime factors of x?
2, 19
Let s(w) = 6*w - 10. Let o(h) = 4*h**2 - 11*h + 8. Let i(q) = 5*q**2 - 12*q + 9. Let y(f) = -3*i(f) + 4*o(f). Let p be y(8). What are the prime factors of s(p)?
2, 5
Let p(y) = y**2 + 8*y - 13. Suppose 3*w - 67 = 5*l, -39 = 4*l + 2*w + 19. What are the prime factors of p(l)?
71
Let g = -39 - -47. Suppose 3*l = g*l - 180. List the prime factors of l.
2, 3
Suppose i + i = 0. Suppose 2*u - 46 = -5*a + a, i = -4*u + 2*a + 122. What are the prime factors of u?
29
Suppose -3*z = -f + 367 - 33, 1628 = 5*f - z. Suppose 0 = -2*x + 53 + f. What are the prime factors of x?
3, 7
Let i = -7 - -58. List the prime factors of i.
3, 17
Suppose -9*h = -24*h + 26820. What are the prime factors of h?
2, 3, 149
Let v = -221 + 890. What are the prime factors of v?
3, 223
Let p(w) = 106*w**2 - 9*w - 8. Let r(y) = -10